at is the value of 60 - (-92 - (-86 + -15))?
51
What is -4 + (4 - 36) + -40 + (4 - 1 - -11)?
-62
Calculate 25 + (12 - 37) - (-7 + (5 - 3) - 100).
105
What is 0 + 12 + (-84 - -72) - -12 - (-11 - -39)?
-16
0 + ((234 - 248) + (-4 - 0) - -12)
-6
Calculate (18 - -2 - (94 + -113 + 73)) + (-5 - 4).
-43
-4 + 5 + 8 + (10 - 22) - -8
5
-204 + 72 + 80 + 87
35
Evaluate 7 + 38 + -64 + -19.
-38
Evaluate -4 - (42 - (27 + -46)).
-65
Evaluate 22 + (14 + -74 - -20).
-18
(6 + -20 - (6 + 0)) + 0
-20
73 + -6 + -25 - 65
-23
Calculate -25 - (-37 - (22 - 46)) - 42.
-54
Evaluate -56 + -19 + 23 + -20 + 36.
-36
Evaluate (-131 - 211 - -179) + 0 + 44.
-119
Evaluate (0 - 6) + (-12 - -1) + -11 + 34.
6
-112 - (28 + (-113 - -11))
-38
What is the value of (-68 - -36) + 50 + -16?
2
What is the value of (2 + -1 - -3) + (-236 - -217)?
-15
Calculate 8 + (5 - (-3 + -4) - (-52 + 124)).
-52
What is -43 - ((-16 - -37) + -16) - -4 - 5?
-49
What is 176 + -215 - -11 - (-3 + (1 - 5))?
-21
Calculate 18 - (78 - 61) - 29.
-28
Calculate (-31 - (0 + 0 + (-1 - 2))) + 33029 + -33025.
-24
Calculate 8 - (-1 + -3 - (0 - 14) - -5).
-7
Calculate 63 + (-27 - -33) + -40.
29
What is -32 - (20 - (6 + -13) - 18 - 13)?
-28
Evaluate 1 - (17 - 0) - (-654 + 649).
-11
Evaluate 12 - 2 - (-333 - -336 - (15 + -1 + 2)).
23
Evaluate (-9 + 23 - 11) + (-2 - (-26 + 2)).
25
What is the value of 86 - (12 + (-3 - -42))?
35
What is the value of -1713 + 1676 + (2 - -151)?
116
What is -44 + 55 + 35 - -16?
62
-26 + (-24 - (2 - 4)) - 12
-60
Evaluate 1 + (-2 - (2 - (17 - 16))) - 11.
-13
Evaluate (11 - 25) + (32 - -13) + -20.
11
Evaluate (-1 - (-1 + (-14 + 9 - -1))) + 30.
34
Calculate 21 + (-21 - 46 - -20).
-26
Calculate -27 + 32 + -27 - (14 - -1).
-37
Calculate (-4 - -20) + (187 - 204) + -25.
-26
Calculate (86 + -95 - (-1 - -109)) + 13.
-104
79 + 40 + -104 + (-1 - (-1 + 0 - -115))
-100
30 - 6 - (-91 + 106) - (0 + -26 - -1)
34
Evaluate (-34 + 38 - (-4 + 9 - 26)) + -4.
21
What is 102 + -114 - (-14 - 29)?
31
Evaluate (7 - (-7 + 8 - -2)) + -23 - -66.
47
-27 + -1210 + 1141 + -5 + -1
-102
What is the value of 1 + -22 + -11 + (9 - 4) + 126 + -118?
-19
What is -11 + 31 - (28 + 16 + -24 + -2)?
2
What is the value of -2 + 64 - (-13 - (-25 + 24 - (13 + 1)))?
60
What is the value of -58 - (7 + 26 + -57)?
-34
What is -96 + 0 - -66 - (-21 + 2)?
-11
Evaluate -33 + 51 + (-19 - 53).
-54
22 + 0 + 1 + -11 + (-351 - -355)
16
(59 - 28) + -61 + 51
21
84 + (-229 - -230 - (0 + 14))
71
What is the value of -11 + 11 + (-14 - -19 - -16)?
21
Evaluate (-20 + 4 - (-15 - (1 + -8))) + -23.
-31
Evaluate -25 + (3 - -3 - -15) + 4.
0
What is the value of 65 - (-2 + 3) - (32 - (-164 + 197))?
65
What is the value of (-17 - -31) + -40 + -1 + 89?
62
What is the value of 12 - ((0 - 2) + (-19 - -6) + -11)?
38
Calculate (-151 - -69) + 168 + -121.
-35
Calculate -6 + (4 - ((10 - 0 - 0) + -19)).
7
Evaluate 16 - 13 - (-38 - -18 - 16).
39
Evaluate (7 - 20) + -8 - (103 - 201).
77
What is 0 - (-44 - (-60 - -27))?
11
What is 29 + (-45 - (15 - 43)) - -63?
75
Calculate 37 + (-16 - -41) - (-23 - (1 - 6)).
80
Evaluate 3 + ((21 - -11) + -24 - 42).
-31
What is (-1 - -200) + (2674 - 2772)?
101
0 - (-16 - (3 - -8) - 16)
43
Calculate 11 + -57 + 373 + -359.
-32
What is the value of 6 - (-19 - -2) - 17 - (-41 - 2)?
49
Calculate (-16 - 39 - -3) + -2 + 13 + 0 + 3.
-38
What is 34 + -49 + -3 - (9 - (0 - 2))?
-29
What is -3 + (14 - (7 - (-6 - -13)) - (102 + 2))?
-93
Evaluate 40 + -35 + 5 - (0 - -19).
-9
10 + (51 - -64) + -69
56
What is the value of (134 + -145 - (-7 + 0)) + (-2 - 0) - -56?
50
What is the value of (-42 - (-9 - (-4 - 2))) + 8 + 5?
-26
Calculate (-20 - -35) + -37 + -13 - 13.
-48
What is the value of 53 + (-111 - -198) - 117?
23
Calculate -57 + -16 + (64 + -38 - 4 - (6 + -1)).
-56
2 + -1 - ((2 - 10 - (-10 - 16)) + -14)
-3
Evaluate 9 + -1 + 3 - (7 - 6 - -81).
-71
Evaluate (11 + 0 + (-233 - -225) - -40) + 5.
48
What is the value of 103 - 291 - -105 - (1 + 1)?
-85
What is -73 + (72 - 39) + 5 + (1 - (2 + 0))?
-36
-105 + (27 - -76 - -66)
64
Evaluate 1 + (1 - 1) - (74 - -98 - 186).
15
What is -1 + (-341 - -272 - (2 - -21))?
-93
What is the value of -648 - -625 - (-12 + -3)?
-8
What is -37 + -1 + 23 + -8 + -1 + -13?
-37
-2 + 6 - (59 + (18 - 1) + -30)
-42
Evaluate 38 - (17 - (-99 + 132)).
54
12 - (44 + (-34 - 68))
70
-1 + -20 + -33 + (12 - -2)
-40
Evaluate -27 + -17 + 2 + 38 + -12 + 38.
22
20 + 0 - (-122 + 36 + 78)
28
3 - 98 - (-152 + 84)
-27
What is the value of 33 + (17 + (2 - 25) - -35)?
62
-100 - (5 - (3 - -115))
13
Evaluate (-2 - 0) + -5 - ((-17 - 29) + 8).
31
What is the value of 281 + -233 - (-1 + -11) - 21?
39
Calculate (-72 - -12) + (7 + -1 - (-16 - -18)).
-56
What is the value of 86 + 26 + -107 + 89?
94
What is -41 + 0 + (3 - 8) + 0 + 54 + -40?
-32
Calculate -26 - (-12 + -3 + 2 - (37 + -61)).
-37
What is -1 + -5 - (23 + -23 + 4 - (60 - -1))?
51
What is the value of -39 - (-23 - -1 - (346 + -363) - (0 + 3))?
-31
(-74 - 2 - 22) + 188
90
Calculate -88 + (101 - -121) + -80.
54
What is (-367 - -476) + -6 + -9 + 14?
108
Calculate 4 + (-10 - 18) + 11 + 82.
69
What is -5 - (15 - (82 + -4)) - (-10 + 12 + 14)?
42
What is the value of (-112 + 0 - -1) + -17 + 0 + (365 - 352)?
-115
What is (111 + 319 - 476) + 1 + 144?
99
Evaluate -1 + 21 - (-2471 - -2482).
9
Evaluate -19 - (-37 + 9) - 59.
-50
99 - (245 + -155 + -5)
14
Calculate 28 - (109 - (-61 + 138)).
-4
Calculate 86 + -26 + 31 + -66.
25
-188 - -210 - (-33 - 1)
56
Calculate 235 + -143 + (-173 - -30).
-51
What is (-3 - 1) + (16 - 7 - 7) + 33 + -35?
-4
What is the value of 7 + -158 + 62 + 141?
52
What is -46 - 4 - (1 - -12 - (-18 + 43))?
-38
What is -3 + 0 + (1 - (-3 - -10)) + (52 - -9)?
52
What is -24 + -37 + 42 + 22 + 51 + 2 + -2?
54
Evaluate 8 - (-2 - (-3 - -1) - 0 - (-144 - -137)).
1
Calculate 22 - (-16 - -28 - (2 + 77)).
89
(128 - 118) + (-2 + 0 - 6) - (8 + -2)
-4
What is (1 - (-2 - 38)) + (-139 - -160)?
62
-5 + -47 - (-13 + -11 + 21)
-49
What is 179965 + -180102 - (1 + -6 + -1)?
-131
What is the value of (-36 - -16) + (25 - 33 - (2 - 0))?
-30
What is 25 - (-38 + (-60 - -73))?
50
What is the value of (-217 - -151) + 12 - (1 - (7 - (-2 - -4)))?
-50
(328 - 297) + (-6 - 49)
-24
(-28 - -22 - 36) + 53
11
What is 11 + -7 + 5 + 40 + -87 + -24?
-62
(1 - 21 - (-27 + -4 - -23)) + -17 + -19
-48
Evaluate -26 + (363 - 305) - (-1 + 0 - (-1 + 1)).
33
Evaluate -33 + (40 - 25) + (-3 - 2).
-23
Evaluate -1 + -9 + 0 + (24 + -38 - -50).
26
What is 1 + 10 + (-8 + (28 - 11) - -3)?
23
What is 0 + (-63 - (-21 + 17) - -36)?
-23
5 + -62 + 6 + (14 - (5 - (16 - 17)))
-43
Evaluate 77 - -56 - -1 - 107.
27
Evaluate (-160 - -90 - -42) + (1 - -13).
-14
What is the value of -93 - (132 - 273) - (24 + 2)?
22
What is 18 + -13 - ((1 - -10) + 5)?
-11
Calculate 0 - (-1 + 9) - ((-29 - (-19 - 17)) + -11).
-4
(-15 + (-3 - -5) - (7 - (110 + -99))) + -55
-64
What is 3 + -5 + -58 + (4 - (1 + 1)) + -13?
-71
What is (9 - 0) + (-1470 - -1398)?
-63
What is 3 + -47 - (27 + (4 + -4 - 28))?
-43
What is the value of -112 + 85 + 21 - (2 + -2 - 29)?
23
What is 65 + -67 + (10 - -5) + -3 - 75?
-65
14 + -27 + (12 - -5) + (30 - -3)
37
What is (4 - 6) + 5 + (-8 - -15) + -3?
7
13 + 24 + -34 - (-3 + (-2 - -2)) - -10
16
What is the value of -448 + 447 + (-30 - 2) + 18?
-15
What is the value of (34 - (45 + -10 + -12)) + 33?
44
Evaluate (-79 - -25) + 44 - (0 + (51 - -5) + 5).
-71
Evaluate 8 + (1 - 2) + -66 + (10 - 5) - 1.
-55
Evaluate -318 + 296 + -59 + (14 - (1 - 1)).
-67
What is the value of -68 - (1 + -15 + -10 + (9 - (-6 - 3)))?
-62
Calculate (2513 - 2353) + -37 + -3.
120
What is the value of -6 + (11 - (16 + 6)) + 0 + 6?
-11
-3 - -18 - -26 - (-17 - 3)
61
What is -1 + -18 - (-109 - (-14 - -25 - 31))?
70
What is 13 - (3 + -17 - -4 - (-10 + 9))?
22
7 - (-11 + 26 + 6 + (30 - 43))
-1
What is the value of -20 - (-28 + (70 - 49) + (-2 - 68))?
57
Evaluate -10 + 13 + (85 - ((-4 - 15 - -8) + 2)).
97
-13 + (23 - (29 - -3) - -15)
-7
Evaluate 1818 - 1860 - (-4 - (-8 + -9 + (2 - -1))).
-52
What is -20 + 12 + (-1 + 14 - 26 - 5)?
-26
What is 30 + -18 - 24 - (-53 + 8)?
33
Calculate -254 + 238 + (-1 - -18) + -16.
-15
What is 49 + (3 - (-8 - -4 - -15) - -5)?
46
What is the value of 12 + 47 + 10 + -13 + 4 + -6?
54
12 - (-76 + -140 + 109 + (-1 - -20))
100
(-18 - -24) + (-460 - -486)
32
What is the value of 4 - (-